{"id":3764,"date":"2013-12-27T09:10:06","date_gmt":"2013-12-27T09:10:06","guid":{"rendered":"https:\/\/www.heimatverein-altmuegeln.de\/?page_id=3764"},"modified":"2020-03-07T08:38:17","modified_gmt":"2020-03-07T08:38:17","slug":"2014-rueckblicke","status":"publish","type":"page","link":"https:\/\/www.heimatverein-altmuegeln.de\/?page_id=3764","title":{"rendered":"R\u00fcckblicke 2014"},"content":{"rendered":"<h2 style=\"text-align: left;\"><span style=\"color: #ff6600;\"><strong>Dezember 2014<\/strong><\/span><\/h2>\n<p style=\"text-align: left;\"><strong>Zum Jahresende&#8230;<\/strong><\/p>\n<p style=\"text-align: left;\"><a href=\"https:\/\/www.heimatverein-altmuegeln.de\/wp-content\/uploads\/2014\/12\/dCJ_eWQWEkHy1xaB3HGylg.gif\"><img loading=\"lazy\" decoding=\"async\" class=\" wp-image-4326 alignnone\" src=\"https:\/\/www.heimatverein-altmuegeln.de\/wp-content\/uploads\/2014\/12\/dCJ_eWQWEkHy1xaB3HGylg-300x229.gif\" alt=\"dCJ_eWQWEkHy1xaB3HGylg\" width=\"122\" height=\"96\" \/><\/a>&#8230;blieb uns nur noch das Beste f\u00fcr&#8217;s Fest und 2015\u00a0zu w\u00fcnschen.<\/p>\n<hr \/>\n<h2 style=\"text-align: left;\"><strong><span style=\"color: #ff6600;\">November 2014<\/span><\/strong><\/h2>\n<p><strong>&#8222;Es war einmal &#8230;&#8220;<\/strong><\/p>\n<p style=\"text-align: left;\"><a href=\"https:\/\/www.heimatverein-altmuegeln.de\/wp-content\/uploads\/2013\/12\/Weinachtsplakat.jpg\"><img loading=\"lazy\" decoding=\"async\" class=\" wp-image-4410 alignleft\" src=\"https:\/\/www.heimatverein-altmuegeln.de\/wp-content\/uploads\/2013\/12\/Weinachtsplakat-212x300.jpg\" alt=\"Weinachtsplakat\" width=\"106\" height=\"146\" \/><\/a>So begann der Text unserer Einladung zu unserem <span style=\"color: #ff6600;\">Weihnachtsbasteln mit M\u00e4rchenstunde<\/span>. Im Rahmen des M\u00fcgelner Weihnachtsmarktes luden wir Klein und Gro\u00df in die R\u00e4umlichkeiten von Familie Flach zum Basteln rund um den Advent ein.\u00a0Um es so richtig gem\u00fctlich werden zu lassen, verzauberte unsere &#8222;Vorlesefee&#8220; Andrea Stoppe vor allem die Kleinen mit einem M\u00e4rchen.<\/p>\n<hr \/>\n<h2 style=\"text-align: left;\"><strong><span style=\"color: #ff6600;\">Oktober 2014<\/span><\/strong><\/h2>\n<p><strong>&#8222;Drachenfest ohne Wind &#8230;&#8220;<\/strong><\/p>\n<p style=\"text-align: left;\"><a href=\"https:\/\/www.heimatverein-altmuegeln.de\/wp-content\/uploads\/2014\/10\/4.Drachenfest-klein.jpg\"><img loading=\"lazy\" decoding=\"async\" class=\" wp-image-4207 alignright\" src=\"https:\/\/www.heimatverein-altmuegeln.de\/wp-content\/uploads\/2014\/10\/4.Drachenfest-klein-199x300.jpg\" alt=\"4.Drachenfest klein\" width=\"109\" height=\"159\" \/><\/a>Man kann alles organisieren, das Wetter leider nicht. Petrus hat\u00a0uns dieses Mal viel\u00a0Sonne zukommen lassen, aber den Wind vergessen. Davon lie\u00dfen sich viele M\u00fcgelner nicht beeindrucken und kamen zu uns auf das Vereinsgel\u00e4nde. Bei Kaffee, Kuchen, Wildschwein am Spie\u00df \u00a0und anderen Leckereien konnten unsere G\u00e4ste beim nachgeholten &#8222;Bobbycar-Rennen&#8220; mitfiebern. F\u00fcr unsere kleinen G\u00e4ste gab es &#8222;Kinderschminken&#8220; und &#8222;Herbstbasteln&#8220;. Einige Mutige, die es trotzdem mit Drachensteigen versucht haben, wurden mit Preisen belohnt.<\/p>\n<hr \/>\n<h2 style=\"text-align: left;\"><strong><span style=\"color: #ff6600;\">September 2014<\/span><\/strong><\/h2>\n<p><strong>&#8222;M\u00fcgelner Seifenkistenrennen <\/strong><strong>f\u00e4llt ins Wasser&#8220;<\/strong> <a href=\"https:\/\/www.heimatverein-altmuegeln.de\/wp-content\/uploads\/2014\/09\/f\u00e4llt-aus3.jpg\"><img loading=\"lazy\" decoding=\"async\" class=\" wp-image-4198 alignleft\" src=\"https:\/\/www.heimatverein-altmuegeln.de\/wp-content\/uploads\/2014\/09\/f\u00e4llt-aus3-212x300.jpg\" alt=\"f\u00e4llt aus3\" width=\"87\" height=\"119\" \/><\/a>Am Vorabend des 7. M\u00fcgelner Seifenkistenrennens haben die Verantwortlichen entschieden,\u00a0die Veranstaltung\u00a0ausfallen zu lassen. Der Grund f\u00fcr diese Entscheidung war die schlechte Wetterlage. <span style=\"color: #333333; font-family: 'Helvetica','sans-serif';\"><span style=\"font-size: medium;\">Michael Simbke (Vereinsvorsitzender): &#8222;Sicherheit geht vor!&#8220;<\/span><\/span> <span style=\"color: #333333; line-height: 115%; font-family: 'Helvetica','sans-serif'; font-size: 8pt;\">(Das Rennen\u00a0war parallel zum Jubil\u00e4um &#8222;130 Jahre D\u00f6llnitzbahn&#8220; geplant. Aus diesem Anlass sollte es eine Kooperation mit der Bahn geben.)<\/span><\/p>\n<hr \/>\n<h2><strong><span style=\"color: #ff6600;\">August 2014<\/span><\/strong><\/h2>\n<p><strong>&#8222;Spiel- und Bastelsta\u00dfe&#8220;<\/strong> <a href=\"https:\/\/www.heimatverein-altmuegeln.de\/wp-content\/uploads\/2014\/08\/Spielstra\u00dfe.jpg\"><img loading=\"lazy\" decoding=\"async\" class=\" wp-image-4099 alignright\" src=\"https:\/\/www.heimatverein-altmuegeln.de\/wp-content\/uploads\/2014\/08\/Spielstra\u00dfe-300x212.jpg\" alt=\"Spielstra\u00dfe\" width=\"109\" height=\"80\" \/><\/a>Im Rahmen des XIX. Altstadtfestes in M\u00fcgeln veranstalteten wir eine &#8222;Spiel- und Bastelstra\u00dfe&#8220; vor unserem Schaufenster in der Dr. Friedrichs-Str. 22. F\u00fcr das leibliche Wohl\u00a0wurde wie immer\u00a0gesorgt.<\/p>\n<hr \/>\n<h2><strong><span style=\"color: #ff6600;\">Juli 2014<\/span><\/strong><\/h2>\n<p style=\"text-align: left;\"><strong>&#8222;Ferienzeit&#8220;<\/strong><\/p>\n<p style=\"text-align: left;\"><a href=\"https:\/\/www.heimatverein-altmuegeln.de\/wp-content\/uploads\/2014\/07\/sommerferien.jpg\"><img loading=\"lazy\" decoding=\"async\" class=\" wp-image-4076 aligncenter\" src=\"https:\/\/www.heimatverein-altmuegeln.de\/wp-content\/uploads\/2014\/07\/sommerferien-300x193.jpg\" alt=\"sommerferien\" width=\"156\" height=\"107\" \/><\/a><\/p>\n<hr \/>\n<h2 style=\"text-align: left;\"><strong><span style=\"color: #ff6600;\">Juni 2014<\/span><\/strong><\/h2>\n<p style=\"text-align: left;\"><strong>&#8222;Spiel und Spass rund um den Ball&#8220;<\/strong><\/p>\n<p style=\"text-align: left;\" align=\"center\"><span style=\"color: #ff6600; font-family: 'Helvetica','sans-serif';\"><span style=\"font-size: medium;\">&#8230;so der Slogan f\u00fcr\u00a0unser 1. Crellenhainer Bergfest mit Johannisfeuer<\/span><\/span><\/p>\n<p style=\"text-align: left;\" align=\"center\"><a href=\"https:\/\/www.heimatverein-altmuegeln.de\/wp-content\/uploads\/2014\/06\/1.Bergfest-Plakat.jpg\"><img loading=\"lazy\" decoding=\"async\" class=\" wp-image-3976 alignleft\" src=\"https:\/\/www.heimatverein-altmuegeln.de\/wp-content\/uploads\/2014\/06\/1.Bergfest-Plakat-300x212.jpg\" alt=\"1.Bergfest Plakat\" width=\"135\" height=\"97\" \/><\/a>Sportlich ging es am 21. Juni auf unserem Vereinsgel\u00e4nde zu. Der l\u00e4ngste Tag des Jahres stand ganz im Zeichen des runden Leders. Anlass daf\u00fcr war die damals laufende Fu\u00dfballweltmeisterschaft in Brasilien. Bei Torwandschie\u00dfen, B\u00fcchsenwerfen und Bretterlaufen traten Gro\u00df und Klein gegeneinander an. An das leibliche Wohl f\u00fcr unsere Sportler und G\u00e4ste wurde nat\u00fcrlich auch gedacht. Das wechselhafte Wetter konnte der guten Stimmung keinen Abbruch tun. Kurzum &#8230;eine gelungene Premiere unseres Bergfestes.<\/p>\n<hr \/>\n<h1><span style=\"color: #ff6600;\">Mai 2014<\/span><\/h1>\n<p style=\"text-align: left;\" align=\"center\"><strong>&#8222;DibaDu und dein Verein&#8230;&#8220;<\/strong><\/p>\n<p style=\"text-align: left;\" align=\"center\">Unser Verein hatte die Chance auf 1000 Euro f\u00fcr die Vereinskasse. Denn wir\u00a0nahmen an einer gro\u00dfen Vereins-Spendenaktion im Internet teil. Das Geld sollte in ein neues Vereinszelt\u00a0 f\u00fcr unsere Veranstaltungen investiert werden.<a href=\"https:\/\/www.heimatverein-altmuegeln.de\/wp-content\/uploads\/2014\/06\/diba.jpg\"><img loading=\"lazy\" decoding=\"async\" class=\"aligncenter wp-image-3990\" src=\"https:\/\/www.heimatverein-altmuegeln.de\/wp-content\/uploads\/2014\/06\/diba-300x165.jpg\" alt=\"diba\" width=\"132\" height=\"75\" \/><\/a><\/p>\n<p style=\"text-align: left;\" align=\"center\">Unsere Stimmen haben leider nur f\u00fcr&#8217;s Mittelfeld gereicht. Wir nahmen es sportlich&#8230;\u00a0 &#8222;Dabei sein ist alles!&#8220;<\/p>\n<hr \/>\n<h2 style=\"text-align: left;\" align=\"center\"><span style=\"color: #ff6600;\"><strong>April 2014<\/strong><\/span><\/h2>\n<p style=\"text-align: left;\"><strong>&#8222;Osterfeuer kurzfristig an der Ostsee<\/strong> <strong>geplant!&#8220;<\/strong><\/p>\n<p style=\"text-align: left;\"><a href=\"https:\/\/www.heimatverein-altmuegeln.de\/wp-content\/uploads\/2014\/04\/Dierhagen.jpg\"><img loading=\"lazy\" decoding=\"async\" class=\" wp-image-3879 alignnone\" src=\"https:\/\/www.heimatverein-altmuegeln.de\/wp-content\/uploads\/2014\/04\/Dierhagen-300x174.jpg\" alt=\"Dierhagen\" width=\"62\" height=\"38\" \/><\/a>&#8230;war nur ein Aprilscherz!<\/p>\n<hr \/>\n<h2 style=\"text-align: left;\" align=\"center\"><span style=\"color: #ff6600;\"><strong>M\u00e4rz 2014<\/strong><\/span><\/h2>\n<p style=\"text-align: center;\" align=\"center\"><strong>&#8230;<\/strong><\/p>\n<hr \/>\n<h2 style=\"text-align: left;\" align=\"center\"><strong><span style=\"color: #ff6600;\">Februar 2014<\/span><\/strong><\/h2>\n<p><strong>&#8222;Wir haben gew\u00e4hlt!&#8220;<\/strong><\/p>\n<p style=\"text-align: left;\" align=\"center\">Am 05.02.2014 fand unsere diesj\u00e4hrige Jahreshauptversammlung statt.\u00a0Laut unserer\u00a0Satzung\u00a0war es an der Zeit, einen neuen Vorstand zu w\u00e4hlen. 10 Kandidaten stellten sich zur Wahl f\u00fcr den Vorstand und 2 f\u00fcr das Amt der Kassenpr\u00fcfer.<\/p>\n<hr \/>\n<h2 style=\"text-align: left;\" align=\"center\"><strong><span style=\"color: #ff6600;\">Januar 2014<\/span><\/strong><\/h2>\n<p><strong>&#8222;M\u00fcgeln: 250 Sportbegeisterte weihten Ortsumgehung ein&#8220;<\/strong><\/p>\n<p>So berichtete die\u00a0OAZ am 13.Januar 2014 \u00fcber den am Vortag stattgefundenen Lauf zur<a href=\"https:\/\/www.heimatverein-altmuegeln.de\/wp-content\/uploads\/2014\/01\/lauf.jpg\"><img loading=\"lazy\" decoding=\"async\" class=\" wp-image-3819 alignleft\" src=\"https:\/\/www.heimatverein-altmuegeln.de\/wp-content\/uploads\/2014\/01\/lauf-300x87.jpg\" alt=\"lauf\" width=\"185\" height=\"63\" \/><\/a> &#8222;Einweihung&#8220; der Ortsumgehungstra\u00dfe von M\u00fcgeln. Auch wir waren zahlreich vertreten.\u00a0<span style=\"color: #333333; font-family: 'Helvetica','sans-serif';\"><span style=\"font-size: medium;\">\u00a0<\/span><\/span><\/p>\n<p><em><span style=\"color: #333333; line-height: 115%; font-family: 'Helvetica','sans-serif'; font-size: 8pt;\">&#8222;War sch\u00f6n so viele Jacken vom Heimatverein zu sehen.&#8220;(Michael Simbke)<\/span><\/em><\/p>\n<hr \/>\n<p style=\"text-align: center;\">\u2190<a href=\"https:\/\/www.heimatverein-altmuegeln.de\/?page_id=782\">zur\u00fcck<\/a><\/p>\n<p style=\"text-align: center;\"><em><span style=\"color: #ff6600;\">\u00a0<\/span><\/em><\/p>\n","protected":false},"excerpt":{"rendered":"<p>Dezember 2014 Zum Jahresende&#8230; &#8230;blieb uns nur noch das Beste f\u00fcr&#8217;s Fest und 2015\u00a0zu w\u00fcnschen. November 2014 &#8222;Es war einmal &#8230;&#8220; So begann der Text unserer Einladung zu unserem Weihnachtsbasteln <a class=\"more-link\" href=\"https:\/\/www.heimatverein-altmuegeln.de\/?page_id=3764\">Continue Reading \u2192<\/a><\/p>\n","protected":false},"author":3,"featured_media":0,"parent":0,"menu_order":0,"comment_status":"closed","ping_status":"closed","template":"","meta":{"footnotes":""},"class_list":["post-3764","page","type-page","status-publish","hentry"],"_links":{"self":[{"href":"https:\/\/www.heimatverein-altmuegeln.de\/index.php?rest_route=\/wp\/v2\/pages\/3764","targetHints":{"allow":["GET"]}}],"collection":[{"href":"https:\/\/www.heimatverein-altmuegeln.de\/index.php?rest_route=\/wp\/v2\/pages"}],"about":[{"href":"https:\/\/www.heimatverein-altmuegeln.de\/index.php?rest_route=\/wp\/v2\/types\/page"}],"author":[{"embeddable":true,"href":"https:\/\/www.heimatverein-altmuegeln.de\/index.php?rest_route=\/wp\/v2\/users\/3"}],"replies":[{"embeddable":true,"href":"https:\/\/www.heimatverein-altmuegeln.de\/index.php?rest_route=%2Fwp%2Fv2%2Fcomments&post=3764"}],"version-history":[{"count":77,"href":"https:\/\/www.heimatverein-altmuegeln.de\/index.php?rest_route=\/wp\/v2\/pages\/3764\/revisions"}],"predecessor-version":[{"id":7635,"href":"https:\/\/www.heimatverein-altmuegeln.de\/index.php?rest_route=\/wp\/v2\/pages\/3764\/revisions\/7635"}],"wp:attachment":[{"href":"https:\/\/www.heimatverein-altmuegeln.de\/index.php?rest_route=%2Fwp%2Fv2%2Fmedia&parent=3764"}],"curies":[{"name":"wp","href":"https:\/\/api.w.org\/{rel}","templated":true}]}}