{"id":5749,"date":"2017-10-12T05:49:00","date_gmt":"2017-10-12T05:49:00","guid":{"rendered":"https:\/\/www.heimatverein-altmuegeln.de\/?page_id=5749"},"modified":"2020-04-12T10:32:26","modified_gmt":"2020-04-12T10:32:26","slug":"rueckblicke-2016","status":"publish","type":"page","link":"https:\/\/www.heimatverein-altmuegeln.de\/?page_id=5749","title":{"rendered":"R\u00fcckblicke 2016"},"content":{"rendered":"<h3 style=\"text-align: center;\"><strong><span style=\"color: #ff6600;\">November 2016<\/span><\/strong><\/h3>\n<p style=\"text-align: left;\">Am Freitag, 25.11.2016 folgten viele M\u00fcgelner und G\u00e4ste unserer Einladung zum <span style=\"color: #ff6600;\">&#8222;Vorgl\u00fchen&#8220;<\/span> mit Gl\u00fchwein, Punsch, Gegrilltem in weihnachtlicher Atmosph\u00e4re. Der Ansturm war kaum zu bew\u00e4ltigen.<\/p>\n<p><a href=\"https:\/\/www.heimatverein-altmuegeln.de\/wp-content\/uploads\/2017\/10\/2016-11-25-Vorgl\u00fchen.jpg\"><img loading=\"lazy\" decoding=\"async\" class=\"aligncenter wp-image-5987 size-thumbnail\" src=\"https:\/\/www.heimatverein-altmuegeln.de\/wp-content\/uploads\/2017\/10\/2016-11-25-Vorgl\u00fchen-420x237.jpg\" alt=\"\" width=\"420\" height=\"237\" srcset=\"https:\/\/www.heimatverein-altmuegeln.de\/wp-content\/uploads\/2017\/10\/2016-11-25-Vorgl\u00fchen-420x237.jpg 420w, https:\/\/www.heimatverein-altmuegeln.de\/wp-content\/uploads\/2017\/10\/2016-11-25-Vorgl\u00fchen-300x169.jpg 300w, https:\/\/www.heimatverein-altmuegeln.de\/wp-content\/uploads\/2017\/10\/2016-11-25-Vorgl\u00fchen.jpg 600w\" sizes=\"auto, (max-width: 420px) 100vw, 420px\" \/><\/a><\/p>\n<p>Am Samstag, 26.11.2016 \u00fcbergaben wir zur Er\u00f6ffnung des Weihnachtsmarktes den SOS-Stadtbadspendenscheck. Durch die Unterst\u00fctzung zahlreicher Gesch\u00e4fte und Firmen und die Spendenbereitschaft vieler M\u00fcgelner ist eine beachtliche Spendensumme von 3000 EURO zusammen gekommen, die B\u00fcrgermeister Johannes Ecke beeindruckt entgegen nahm.<\/p>\n<p><img loading=\"lazy\" decoding=\"async\" class=\"alignnone size-thumbnail wp-image-5989 aligncenter\" src=\"https:\/\/www.heimatverein-altmuegeln.de\/wp-content\/uploads\/2017\/10\/2016-11-26-Scheck\u00fcbergabe-420x237.jpg\" alt=\"\" width=\"420\" height=\"237\" srcset=\"https:\/\/www.heimatverein-altmuegeln.de\/wp-content\/uploads\/2017\/10\/2016-11-26-Scheck\u00fcbergabe-420x237.jpg 420w, https:\/\/www.heimatverein-altmuegeln.de\/wp-content\/uploads\/2017\/10\/2016-11-26-Scheck\u00fcbergabe-300x169.jpg 300w, https:\/\/www.heimatverein-altmuegeln.de\/wp-content\/uploads\/2017\/10\/2016-11-26-Scheck\u00fcbergabe.jpg 600w\" sizes=\"auto, (max-width: 420px) 100vw, 420px\" \/><\/p>\n<p>Unsere Verkaufsbude wurde am Samstag von der Klasse 9b der Goetheschule betreut, die mit Verkauf von selbst gebackenen Pl\u00e4tzchen, selbst gekochtem Gl\u00fchweingelee und einer Kindertombola ihre Klassenkasse aufbessern konnte.<\/p>\n<p><img loading=\"lazy\" decoding=\"async\" class=\"alignnone size-thumbnail wp-image-5988 aligncenter\" src=\"https:\/\/www.heimatverein-altmuegeln.de\/wp-content\/uploads\/2017\/10\/2016-11-26-Klasse-9b-420x237.jpg\" alt=\"\" width=\"420\" height=\"237\" srcset=\"https:\/\/www.heimatverein-altmuegeln.de\/wp-content\/uploads\/2017\/10\/2016-11-26-Klasse-9b-420x237.jpg 420w, https:\/\/www.heimatverein-altmuegeln.de\/wp-content\/uploads\/2017\/10\/2016-11-26-Klasse-9b-300x169.jpg 300w, https:\/\/www.heimatverein-altmuegeln.de\/wp-content\/uploads\/2017\/10\/2016-11-26-Klasse-9b.jpg 600w\" sizes=\"auto, (max-width: 420px) 100vw, 420px\" \/><\/p>\n<p>Am Sonntag, 27.11.2016 verkauften wir neben Sanddorn-Bratapfelgl\u00fchwein und Kinderpunsch Fettbemmen und selbst gebastelte Weihnachtsdekoration, u.a. Weihnachtskarten, Kerzen, beleuchtete Weihnachtssterne.<\/p>\n<p><img loading=\"lazy\" decoding=\"async\" class=\"alignnone size-thumbnail wp-image-5990 aligncenter\" src=\"https:\/\/www.heimatverein-altmuegeln.de\/wp-content\/uploads\/2017\/10\/2016-11-27-Verkauf-420x237.jpg\" alt=\"\" width=\"420\" height=\"237\" srcset=\"https:\/\/www.heimatverein-altmuegeln.de\/wp-content\/uploads\/2017\/10\/2016-11-27-Verkauf-420x237.jpg 420w, https:\/\/www.heimatverein-altmuegeln.de\/wp-content\/uploads\/2017\/10\/2016-11-27-Verkauf-300x169.jpg 300w, https:\/\/www.heimatverein-altmuegeln.de\/wp-content\/uploads\/2017\/10\/2016-11-27-Verkauf.jpg 600w\" sizes=\"auto, (max-width: 420px) 100vw, 420px\" \/><\/p>\n<p>Vielen Dank allen, die an unserer Weihnachtsmarktbude vorbei geschaut haben. Wir freuen uns auf den Weihnachtsmarkt 2017!<\/p>\n<hr \/>\n<h3 style=\"text-align: center;\"><strong><span style=\"color: #ff6600;\">Oktober 2016<\/span><\/strong><\/h3>\n<h4><span style=\"color: #ff6600;\">Gl\u00fcck gehabt &#8230;<\/span><\/h4>\n<p><a href=\"https:\/\/www.heimatverein-altmuegeln.de\/wp-content\/uploads\/2016\/10\/df-web.jpg\"><img loading=\"lazy\" decoding=\"async\" class=\"alignleft wp-image-5694\" src=\"https:\/\/www.heimatverein-altmuegeln.de\/wp-content\/uploads\/2016\/10\/df-web-420x237.jpg\" alt=\"\" width=\"286\" height=\"166\" \/><\/a>Petrus meinte es gut mit uns und schickte nach den vielen Regentagen Sonne und etwas Wind. Das nutzten zahlreiche M\u00fcgelner und besuchten unser Drachenfest. Bei etwas lauem Wind schafften es doch einige, ihre Drachen fliegen zu lassen. F\u00fcr alle, die keine Drachen dabei hatten, gab es auch ein &#8222;Bodenprogramm&#8220;. Dazu geh\u00f6rten eine Bastelstra\u00dfe f\u00fcr die Kleinen sowie ein Sch\u00e4tzwettbewerb. Dank der Unterst\u00fctzung des M\u00fcgelner Sch\u00fctzenvereins konnten sich Gro\u00df und Klein mit einem Lasergewehr beim Schie\u00dfen ausprobieren. Nat\u00fcrlich wurden, wie jedes Jahr, der h\u00f6chste-, sch\u00f6nste- und kreativste Drachen pr\u00e4miert. F\u00fcr das leibliche Wohl war mit Kaffee, Kuchen, Gegrilltem und verschiedenen Getr\u00e4nken gesorgt.<br \/>\nDem Team vom Drachenfest ein gro\u00dfes Dankesch\u00f6n!<br \/>\nWir laden zur 6. Auflage unseres Drachenfestes ein.<br \/>\nAlle Familien aus M\u00fcgeln und Umgebung sind eingeladen, ihre Drachen steigen zu lassen.<\/p>\n<hr \/>\n<h3 style=\"text-align: center;\"><strong><span style=\"color: #ff6600;\">September 2016<\/span><\/strong><\/h3>\n<h4 style=\"text-align: center;\"><span style=\"color: #ff6600;\">Wir waren dabei<\/span> \u2026 beim M\u00fcgelner Bahnhofsfest am 10.\/11.09.2016<img loading=\"lazy\" decoding=\"async\" class=\"wp-image-5674 alignleft\" src=\"https:\/\/www.heimatverein-altmuegeln.de\/wp-content\/uploads\/2016\/09\/bahnhofsfest-in-M\u00fcgeln-420x222.jpg\" alt=\"\" width=\"308\" height=\"167\" \/><\/h4>\n<p style=\"text-align: center;\">Mit einer Mal- und Bastelstra\u00dfe unterst\u00fctzten wir dieses Fest. Dabei nutzten wir auch die Gelegenheit, unsere SOS-Stadtbadspendenaktion noch etwas &#8222;voranzutreiben&#8220;. Leider blieb die gew\u00fcnschte Resonanz aus.<\/p>\n<hr \/>\n<h3 style=\"text-align: center;\"><strong><span style=\"color: #ff6600;\">August 2016<\/span><\/strong><\/h3>\n<h4 style=\"text-align: left;\">21. August 2016 <span style=\"color: #ff6600;\">Bobbycar-Rennen zum XXI. Altstadtfest M\u00fcgeln<\/span><\/h4>\n<p><a href=\"https:\/\/www.heimatverein-altmuegeln.de\/wp-content\/uploads\/2016\/08\/bobby-altstadtfest-16.jpg\"><img loading=\"lazy\" decoding=\"async\" class=\"aligncenter wp-image-5767 size-large\" src=\"https:\/\/www.heimatverein-altmuegeln.de\/wp-content\/uploads\/2016\/08\/bobby-altstadtfest-16-1200x231.jpg\" alt=\"\" width=\"600\" height=\"116\" srcset=\"https:\/\/www.heimatverein-altmuegeln.de\/wp-content\/uploads\/2016\/08\/bobby-altstadtfest-16-1200x231.jpg 1200w, https:\/\/www.heimatverein-altmuegeln.de\/wp-content\/uploads\/2016\/08\/bobby-altstadtfest-16-420x81.jpg 420w, https:\/\/www.heimatverein-altmuegeln.de\/wp-content\/uploads\/2016\/08\/bobby-altstadtfest-16-744x143.jpg 744w, https:\/\/www.heimatverein-altmuegeln.de\/wp-content\/uploads\/2016\/08\/bobby-altstadtfest-16-768x148.jpg 768w, https:\/\/www.heimatverein-altmuegeln.de\/wp-content\/uploads\/2016\/08\/bobby-altstadtfest-16-300x58.jpg 300w, https:\/\/www.heimatverein-altmuegeln.de\/wp-content\/uploads\/2016\/08\/bobby-altstadtfest-16.jpg 1600w\" sizes=\"auto, (max-width: 600px) 100vw, 600px\" \/><\/a><\/p>\n<p style=\"text-align: left;\">&#8222;Am Sonntag lockte am Morgen der Bobbycar-Wettbewerb des B\u00fcrger- &amp; Heimatvereins Altm\u00fcgeln\/Crellenhain. 19 M\u00e4dchen und Jungen im Alter von zwei bis f\u00fcnf Jahren gingen \u00fcber die \u201eRennstrecke\u201c. Am Ende siegte Collin Stoppe vor Romy Walla und Fiona Sch\u00f6ne.&#8220;<br \/>\n&#8230;so berichtete die OAZ in ihrer Ausgabe vom 23. August 2016.<\/p>\n<p>Wir bedanken uns bei allen kleinen Startern, den zahlreichen Besuchern und nat\u00fcrlich bei allen &#8222;Stadtbadunterst\u00fctzern&#8220;&#8230;und nicht zu vergessen, Lutz Pechnig, der mit seiner Moderation f\u00fcr &#8222;kurze Weile&#8220; gesorgt hat. Es hat wieder sehr viel Spa\u00df gemacht und wir hoffen im n\u00e4chsten Jahr wieder dabei zu sein.<\/p>\n<p>Au\u00dferdem waren wir mit unserer SOS-Stadtbadspendenaktion am Samstag auf der 9.Ausbildungsmesse in der Goetheschule<\/p>\n<p><a href=\"https:\/\/www.heimatverein-altmuegeln.de\/wp-content\/uploads\/2016\/08\/stadtbad-schule-messe.jpeg\"><img loading=\"lazy\" decoding=\"async\" class=\"aligncenter wp-image-5668\" src=\"https:\/\/www.heimatverein-altmuegeln.de\/wp-content\/uploads\/2016\/08\/stadtbad-schule-messe-420x217.jpeg\" alt=\"\" width=\"300\" height=\"155\" srcset=\"https:\/\/www.heimatverein-altmuegeln.de\/wp-content\/uploads\/2016\/08\/stadtbad-schule-messe-420x217.jpeg 420w, https:\/\/www.heimatverein-altmuegeln.de\/wp-content\/uploads\/2016\/08\/stadtbad-schule-messe-300x155.jpeg 300w, https:\/\/www.heimatverein-altmuegeln.de\/wp-content\/uploads\/2016\/08\/stadtbad-schule-messe.jpeg 595w\" sizes=\"auto, (max-width: 300px) 100vw, 300px\" \/><\/a><\/p>\n<p>, sowie am Sonntag beim EnviaM-St\u00e4dtewettbewerb vertreten.<a href=\"https:\/\/www.heimatverein-altmuegeln.de\/wp-content\/uploads\/2016\/08\/sbs-stadtfest.jpeg\"><img loading=\"lazy\" decoding=\"async\" class=\"aligncenter wp-image-5670\" src=\"https:\/\/www.heimatverein-altmuegeln.de\/wp-content\/uploads\/2016\/08\/sbs-stadtfest-420x353.jpeg\" alt=\"\" width=\"300\" height=\"252\" srcset=\"https:\/\/www.heimatverein-altmuegeln.de\/wp-content\/uploads\/2016\/08\/sbs-stadtfest-420x353.jpeg 420w, https:\/\/www.heimatverein-altmuegeln.de\/wp-content\/uploads\/2016\/08\/sbs-stadtfest-300x252.jpeg 300w, https:\/\/www.heimatverein-altmuegeln.de\/wp-content\/uploads\/2016\/08\/sbs-stadtfest.jpeg 592w\" sizes=\"auto, (max-width: 300px) 100vw, 300px\" \/><\/a><\/p>\n<hr \/>\n<h3 style=\"text-align: center;\"><span style=\"color: #ff6600;\"><strong>Juni 2016<\/strong><\/span><\/h3>\n<h4 style=\"text-align: center;\"><span style=\"color: #ff6600;\">5 Jahre B\u00fcrger- &amp; Heimatverein Altm\u00fcgeln\/Crellenhain e.V.<\/span><\/h4>\n<p><a href=\"https:\/\/www.heimatverein-altmuegeln.de\/wp-content\/uploads\/2016\/06\/IMG_0055.jpg\"><img loading=\"lazy\" decoding=\"async\" class=\"wp-image-5520 aligncenter\" src=\"https:\/\/www.heimatverein-altmuegeln.de\/wp-content\/uploads\/2016\/06\/IMG_0055-420x67.jpg\" alt=\"\" width=\"620\" height=\"99\" srcset=\"https:\/\/www.heimatverein-altmuegeln.de\/wp-content\/uploads\/2016\/06\/IMG_0055-420x67.jpg 420w, https:\/\/www.heimatverein-altmuegeln.de\/wp-content\/uploads\/2016\/06\/IMG_0055-744x118.jpg 744w, https:\/\/www.heimatverein-altmuegeln.de\/wp-content\/uploads\/2016\/06\/IMG_0055-768x122.jpg 768w, https:\/\/www.heimatverein-altmuegeln.de\/wp-content\/uploads\/2016\/06\/IMG_0055-300x48.jpg 300w, https:\/\/www.heimatverein-altmuegeln.de\/wp-content\/uploads\/2016\/06\/IMG_0055.jpg 1000w\" sizes=\"auto, (max-width: 620px) 100vw, 620px\" \/><\/a><\/p>\n<p style=\"text-align: left;\">\u2026 war Anlass, zu unserem 3. Bergfest eine <span style=\"color: #ff6600;\">\u201egro\u00dfe Geburtstagsparty\u201c<\/span> zu feiern.<br \/>\nNach langen organisatorischen und tatkr\u00e4ftigen Vorbereitungen war es am Sonnabend, den 18. Juni 2016 soweit. Bei anf\u00e4nglich wechselhaftem Wetter verirrten sich doch viele G\u00e4ste auf unser Vereinsgel\u00e4nde. Wir hatten ja auch jede Menge zu bieten: Kinderkarussell, Hopseburg, Torwandschie\u00dfen, Blasmusik, Live-Musik mit Tanz \u2026all das geh\u00f6rte zum Programm. Nat\u00fcrlich war auch f\u00fcr das leiblich Wohl gesorgt. Mit einem gro\u00dfen Angebot an Kuchen, Gebratenem vom Grill, Bier, Bowle und Mixgetr\u00e4nken war sicher f\u00fcr jeden etwas dabei.<br \/>\nEin gro\u00dfes DANKESCH\u00d6N an alle Helfer, G\u00e4ste und nat\u00fcrlich auch an alle Sponsoren, ohne die unsere Geburtstagsfeier in diesem Rahmen nicht m\u00f6glich gewesen w\u00e4re.<br \/>\n\u2022 Allroundservice B\u00f6hme<br \/>\n\u2022 Ausbau M\u00fcgeln GmbH<br \/>\n\u2022 Autohaus Stoppe<br \/>\n\u2022 Falk L\u00f6bnitz Pool- und Schwimmbadcenter<br \/>\n\u2022 Familie Jahn<br \/>\n\u2022 Haarstudio Curly<br \/>\n\u2022 Hauswirtschaftservice Schreiber<br \/>\n\u2022 Kemmlitzer Kaolinwerke<br \/>\n\u2022 Kfz- Service Lippert<br \/>\n\u2022 M\u00fcgelner Maschinenbau GmbH<br \/>\n\u2022 \u00d6l-Heimburger GmbH<br \/>\n\u2022 Torsten Petzold Mietwagenfahrdienst Nicht zu vergessen \u2026DANKE an die zahlreichen \u201eStadtbadunterst\u00fctzer\u201c, die uns bei unserer \u201eSOS Aktion f\u00fcr unser Stadtbad\u201c unterst\u00fctzt haben und hoffentlich noch weiter unterst\u00fctzen werden.<\/p>\n<hr \/>\n<h3 style=\"text-align: center;\"><strong><span style=\"color: #ff6600;\">\u00a0M\u00e4rz 2016<\/span><\/strong><\/h3>\n<h4 style=\"text-align: center;\"><span style=\"color: #ff6600;\">Osterfeuer 2016<\/span><\/h4>\n<p style=\"text-align: left;\"><img loading=\"lazy\" decoding=\"async\" class=\"wp-image-5390 aligncenter\" src=\"https:\/\/www.heimatverein-altmuegeln.de\/wp-content\/uploads\/2016\/03\/20160327_10-420x183.jpg\" alt=\"\" width=\"268\" height=\"121\" \/>Auch in diesem Jahr fand unser traditionelles Osterfeuer statt. Wir freuen uns, dass viele G\u00e4ste den Weg zu uns, auf unser Vereinsgel\u00e4nde, gefunden haben. Bei sch\u00f6nem Wetter, Musik, Herzhaftem vom Grill, Bier und Bowle war es ein runder Abend.<\/p>\n<hr \/>\n<p style=\"text-align: center;\"><a href=\"https:\/\/www.heimatverein-altmuegeln.de\/?page_id=782\" target=\"_blank\" rel=\"noopener noreferrer\">\u2190zur\u00fcck<\/a><\/p>\n","protected":false},"excerpt":{"rendered":"<p>November 2016 Am Freitag, 25.11.2016 folgten viele M\u00fcgelner und G\u00e4ste unserer Einladung zum &#8222;Vorgl\u00fchen&#8220; mit Gl\u00fchwein, Punsch, Gegrilltem in weihnachtlicher Atmosph\u00e4re. Der Ansturm war kaum zu bew\u00e4ltigen. Am Samstag, 26.11.2016 <a class=\"more-link\" href=\"https:\/\/www.heimatverein-altmuegeln.de\/?page_id=5749\">Continue Reading \u2192<\/a><\/p>\n","protected":false},"author":3,"featured_media":0,"parent":0,"menu_order":0,"comment_status":"closed","ping_status":"closed","template":"","meta":{"footnotes":""},"class_list":["post-5749","page","type-page","status-publish","hentry"],"_links":{"self":[{"href":"https:\/\/www.heimatverein-altmuegeln.de\/index.php?rest_route=\/wp\/v2\/pages\/5749","targetHints":{"allow":["GET"]}}],"collection":[{"href":"https:\/\/www.heimatverein-altmuegeln.de\/index.php?rest_route=\/wp\/v2\/pages"}],"about":[{"href":"https:\/\/www.heimatverein-altmuegeln.de\/index.php?rest_route=\/wp\/v2\/types\/page"}],"author":[{"embeddable":true,"href":"https:\/\/www.heimatverein-altmuegeln.de\/index.php?rest_route=\/wp\/v2\/users\/3"}],"replies":[{"embeddable":true,"href":"https:\/\/www.heimatverein-altmuegeln.de\/index.php?rest_route=%2Fwp%2Fv2%2Fcomments&post=5749"}],"version-history":[{"count":34,"href":"https:\/\/www.heimatverein-altmuegeln.de\/index.php?rest_route=\/wp\/v2\/pages\/5749\/revisions"}],"predecessor-version":[{"id":7769,"href":"https:\/\/www.heimatverein-altmuegeln.de\/index.php?rest_route=\/wp\/v2\/pages\/5749\/revisions\/7769"}],"wp:attachment":[{"href":"https:\/\/www.heimatverein-altmuegeln.de\/index.php?rest_route=%2Fwp%2Fv2%2Fmedia&parent=5749"}],"curies":[{"name":"wp","href":"https:\/\/api.w.org\/{rel}","templated":true}]}}