{"id":7552,"date":"2019-12-28T09:41:25","date_gmt":"2019-12-28T09:41:25","guid":{"rendered":"https:\/\/www.heimatverein-altmuegeln.de\/?page_id=7552"},"modified":"2019-12-29T09:13:56","modified_gmt":"2019-12-29T09:13:56","slug":"rueckblicke-2019","status":"publish","type":"page","link":"https:\/\/www.heimatverein-altmuegeln.de\/?page_id=7552","title":{"rendered":"R\u00fcckblicke 2019"},"content":{"rendered":"<h4><span style=\"color: #ff6600;\">Spielsachen f\u00fcr den neu gestalteten Schulhof<\/span><\/h4>\n<p><a href=\"https:\/\/www.heimatverein-altmuegeln.de\/wp-content\/uploads\/2019\/12\/Spende-r\u00fcckblicke-2019.jpeg\"><img loading=\"lazy\" decoding=\"async\" class=\"alignright wp-image-7558\" src=\"https:\/\/www.heimatverein-altmuegeln.de\/wp-content\/uploads\/2019\/12\/Spende-r\u00fcckblicke-2019.jpeg\" alt=\"\" width=\"130\" height=\"126\" \/><\/a>Es ist ja schon zur Tradition geworden, dass wir der \u201cGrundschule Tintenkleks\u201c zu Weihnachten eine kleine Freude machen. Diesmal gab es Spielsachen im Wert von 100 Euro f\u00fcr die Pausengestaltung f\u00fcr den neu gestalteten Schulhof.<\/p>\n<hr \/>\n<h4 style=\"text-align: left;\"><span style=\"color: #ff6600;\">Adventszauber 2019<\/span><\/h4>\n<h6><a href=\"https:\/\/www.heimatverein-altmuegeln.de\/wp-content\/uploads\/2019\/12\/2019-Adventszauber-2-web.jpeg\"><img loading=\"lazy\" decoding=\"async\" class=\"aligncenter wp-image-7563 size-thumbnail\" src=\"https:\/\/www.heimatverein-altmuegeln.de\/wp-content\/uploads\/2019\/12\/2019-Adventszauber-2-web-420x89.jpeg\" alt=\"\" width=\"420\" height=\"89\" srcset=\"https:\/\/www.heimatverein-altmuegeln.de\/wp-content\/uploads\/2019\/12\/2019-Adventszauber-2-web-420x89.jpeg 420w, https:\/\/www.heimatverein-altmuegeln.de\/wp-content\/uploads\/2019\/12\/2019-Adventszauber-2-web.jpeg 500w\" sizes=\"auto, (max-width: 420px) 100vw, 420px\" \/><\/a><\/h6>\n<p>Trotz des regnerischen Winterwetters hielten uns unsere Stammg\u00e4ste die Treue und besuchten uns am 3. Advent zum Adventszauber im beheizten Festzelt bei Kaffee und Stollen, Gl\u00fchwein und Gegrilltem. H\u00f6hepunkt war unser Weihnachtsbingo mit Stefan Br\u00e4uer, der f\u00fcr eine ausgelassene Stimmung sorgte. Nat\u00fcrlich war auch der Weihnachtsmann zu Besuch und beschenkte alle Kinder.<\/p>\n<hr \/>\n<h4><span style=\"color: #ff6600;\">Sch\u00f6n war er, der M\u00fcgelner Weihnachtsmarkt 2019<\/span><\/h4>\n<p>Neben zahlreichen anderen Vereinen und H\u00e4ndlern hatten wir auch in diesem Jahr wieder einen Stand auf dem M\u00fcgelner Weihnachtsmarkt. Nach erfolgreichem Vorgl\u00fchen am Freitag boten wir Samstag und Sonntag neben Gl\u00fchwein und Kinderpunsch Schweineschulter am Spie\u00df an.<br \/>\n<img loading=\"lazy\" decoding=\"async\" class=\"aligncenter wp-image-7498 size-thumbnail\" src=\"https:\/\/www.heimatverein-altmuegeln.de\/wp-content\/uploads\/2019\/12\/2019-WM-10-420x132.jpg\" alt=\"\" width=\"420\" height=\"132\" srcset=\"https:\/\/www.heimatverein-altmuegeln.de\/wp-content\/uploads\/2019\/12\/2019-WM-10-420x132.jpg 420w, https:\/\/www.heimatverein-altmuegeln.de\/wp-content\/uploads\/2019\/12\/2019-WM-10-768x242.jpg 768w, https:\/\/www.heimatverein-altmuegeln.de\/wp-content\/uploads\/2019\/12\/2019-WM-10-1536x484.jpg 1536w, https:\/\/www.heimatverein-altmuegeln.de\/wp-content\/uploads\/2019\/12\/2019-WM-10-640x202.jpg 640w, https:\/\/www.heimatverein-altmuegeln.de\/wp-content\/uploads\/2019\/12\/2019-WM-10.jpg 1588w\" sizes=\"auto, (max-width: 420px) 100vw, 420px\" \/>Es hat sehr viel Spa\u00df gemacht, bis zum n\u00e4chsten M\u00fcgelner Weihnachtsmarkt.<\/p>\n<hr \/>\n<h4><span style=\"color: #ff6600;\">Zum 9.Drachenfest \u2026Sonne, Wind und etwas Regen<\/span><\/h4>\n<p><img loading=\"lazy\" decoding=\"async\" class=\"alignleft wp-image-7456\" src=\"https:\/\/www.heimatverein-altmuegeln.de\/wp-content\/uploads\/2019\/10\/df.jpg\" alt=\"\" width=\"131\" height=\"223\" \/>\u00dcber 200 Besucher kamen am Sonntag, den 29. September, bei guten herbstlichen Bedingungen auf unser Vereinsgel\u00e4nde. 40 davon, um ihre selbst gebauten oder gekauften Drachen steigen zu lassen.<br \/>\nDie Jury hatte es nicht leicht bei der Pr\u00e4mierung. Am Ende freute sich Familie Walla in der Kategorie kreativster Drachen, sowie die Kinderwohngruppe Kompass aus Gallsch\u00fctz in der Kategorie sch\u00f6nster Drachen und Familie T\u00e4schner in der Kategorie h\u00f6chster Drachen \u00fcber Kinogutscheine. Nat\u00fcrlich gab es wieder ein \u201eBodenprogramm\u201c mit Kinderschminken und Sch\u00e4tzwettbewerb f\u00fcr die G\u00e4ste, die ohne Drachen gekommen waren. Am besten schnitten beim Sch\u00e4tzen Emma Br\u00fcckner und Hannelore Krzywinski ab und durften sich ebenso \u00fcber Pr\u00e4sente freuen. F\u00fcr das leibliche Wohl aller G\u00e4ste war gesorgt.<\/p>\n<hr \/>\n<h4><span style=\"color: #ff6600;\">Bobbycarrennen zum M\u00fcgelner Altstadtfest<\/span><\/h4>\n<p><img loading=\"lazy\" decoding=\"async\" class=\"alignright wp-image-7375\" src=\"https:\/\/www.heimatverein-altmuegeln.de\/wp-content\/uploads\/2019\/08\/131-Bobby-zum-Altstadtfest-web-420x426.jpg\" alt=\"\" width=\"137\" height=\"139\" srcset=\"https:\/\/www.heimatverein-altmuegeln.de\/wp-content\/uploads\/2019\/08\/131-Bobby-zum-Altstadtfest-web-420x426.jpg 420w, https:\/\/www.heimatverein-altmuegeln.de\/wp-content\/uploads\/2019\/08\/131-Bobby-zum-Altstadtfest-web.jpg 591w\" sizes=\"auto, (max-width: 137px) 100vw, 137px\" \/>Am Sonntag, den 25. August 2019, p\u00fcnktlich 10.00 Uhr, konnten wir 11 kleine Rennfahrer mit ihren Eltern, Gro\u00dfeltern und Fans an der Rennstrecke am Backhaus begr\u00fc\u00dfen. Nach einer kurzen sportlichen Erw\u00e4rmung mit Moderator Lutz Pechnik ging es f\u00fcr alle erst einmal auf den Kettenflieger der Familie P\u00f6nitz. Hier sp\u00fcrten unsere kleinen Fahrer schon mal kr\u00e4ftig den Fahrtwind und es konnte nun endlich losgehen. Ein Probe- und zwei Wertungsl\u00e4ufe waren jetzt zu absolvieren. Auch w\u00e4hrend der Rennen erwiesen sich Familie P\u00f6nitz und ihre Schaustellerkollegen als gute Gastgeber und versorgten unsere Piloten mit ausreichend Rennbenzin in Form von roter Limo. In der Klasse bis 4 Jahre konnte sich Lissi H\u00e4ndler vor Lias Berger und Klara Fuhl durchsetzen. Neben Pokalen und Urkunden gab es f\u00fcr den Sieger ein Familienticket f\u00fcr den Wilden Robert. Bei den 5-6j\u00e4hrigen Startern siegte Phil Berger vor Louis D\u00fcpre und Bruno Franke. Auch hier gab es Pokale und Urkunden und f\u00fcr den Sieger ein Zehnerticket f\u00fcr unser sch\u00f6nes Stadtbad. Alle anderen Rennfahrer erhielten einen Trostpreis.<br \/>\nF\u00fcr die freundliche Unterst\u00fctzung m\u00f6chten wir uns ganz herzlich bei der Ausbau M\u00fcgeln, dem Autohaus Stoppe, der D\u00f6llnitzbahn GmbH, der Familie P\u00f6nitz, der Stadt M\u00fcgeln und allen Helfern bedanken.<\/p>\n<p><a href=\"https:\/\/www.heimatverein-altmuegeln.de\/wp-content\/uploads\/2019\/08\/133-Tombola.jpg\"><img loading=\"lazy\" decoding=\"async\" class=\"wp-image-7377 alignleft\" src=\"https:\/\/www.heimatverein-altmuegeln.de\/wp-content\/uploads\/2019\/08\/133-Tombola-420x326.jpg\" alt=\"\" width=\"93\" height=\"74\" \/><\/a>Nicht zu vergessen &#8230;unsere Kindertombola am &#8222;Haarstudio Curly&#8220;. Danke an die drei &#8222;M\u00e4dels&#8220; und alle, die uns dort besucht haben.<\/p>\n<hr \/>\n<h4><span style=\"color: #ff6600;\">&#8230;zu warm &#8230;zu viel Konkurrenz !?<\/span><\/h4>\n<p><a href=\"https:\/\/www.heimatverein-altmuegeln.de\/wp-content\/uploads\/2019\/06\/2019-Plakat-Bergfest-web.jpeg\"><img loading=\"lazy\" decoding=\"async\" class=\"alignright wp-image-7240\" src=\"https:\/\/www.heimatverein-altmuegeln.de\/wp-content\/uploads\/2019\/06\/2019-Plakat-Bergfest-web-420x594.jpeg\" alt=\"\" width=\"129\" height=\"177\" \/><\/a>Das 6. Bergfest, zu dem wir alte Foto- und Filmaufnahmen von M\u00fcgeln zeigten, zog diesmal viele \u00e4ltere Besucher auf unser Vereinsgel\u00e4nde. Hopseburg, Tombola und Spiele lockten leider nur sehr wenig Familien mit Kindern an. Sicherlich war es zu warm und die Konkurrenz anderer Veranstaltungen war gro\u00df. Trotzdem war es ein sch\u00f6ner Nachmittag.<br \/>\nDanke an Kfz-Service Lippert, Stefan Br\u00e4uer und Herrn M\u00fcller f\u00fcr die Unterst\u00fctzung.<\/p>\n<hr \/>\n<h4><img loading=\"lazy\" decoding=\"async\" class=\"wp-image-7197 alignleft\" src=\"https:\/\/www.heimatverein-altmuegeln.de\/wp-content\/uploads\/2019\/04\/2019-04-21-Osterfeuer-08.jpg\" alt=\"\" width=\"110\" height=\"158\" \/><span style=\"color: #ff6600;\">Der Osterhase war auch da&#8230;<\/span><\/h4>\n<p>Bei sch\u00f6nstem Sonnenschein kamen viele Besucher zu unserem traditionellen Osterfeuer auf unser Vereinsgel\u00e4nde. Der Osterhase war auch mit von der Partie und \u00fcberraschte unsere kleinen G\u00e4ste. Auch die gro\u00dfen kamen auf ihre Kosten.<\/p>\n<hr \/>\n<p style=\"text-align: center;\">\u2190<a href=\"https:\/\/www.heimatverein-altmuegeln.de\/?page_id=782\">zur\u00fcck<\/a><\/p>\n","protected":false},"excerpt":{"rendered":"<p>Spielsachen f\u00fcr den neu gestalteten Schulhof Es ist ja schon zur Tradition geworden, dass wir der \u201cGrundschule Tintenkleks\u201c zu Weihnachten eine kleine Freude machen. Diesmal gab es Spielsachen im Wert <a class=\"more-link\" href=\"https:\/\/www.heimatverein-altmuegeln.de\/?page_id=7552\">Continue Reading \u2192<\/a><\/p>\n","protected":false},"author":3,"featured_media":0,"parent":0,"menu_order":0,"comment_status":"closed","ping_status":"closed","template":"","meta":{"footnotes":""},"class_list":["post-7552","page","type-page","status-publish","hentry"],"_links":{"self":[{"href":"https:\/\/www.heimatverein-altmuegeln.de\/index.php?rest_route=\/wp\/v2\/pages\/7552","targetHints":{"allow":["GET"]}}],"collection":[{"href":"https:\/\/www.heimatverein-altmuegeln.de\/index.php?rest_route=\/wp\/v2\/pages"}],"about":[{"href":"https:\/\/www.heimatverein-altmuegeln.de\/index.php?rest_route=\/wp\/v2\/types\/page"}],"author":[{"embeddable":true,"href":"https:\/\/www.heimatverein-altmuegeln.de\/index.php?rest_route=\/wp\/v2\/users\/3"}],"replies":[{"embeddable":true,"href":"https:\/\/www.heimatverein-altmuegeln.de\/index.php?rest_route=%2Fwp%2Fv2%2Fcomments&post=7552"}],"version-history":[{"count":17,"href":"https:\/\/www.heimatverein-altmuegeln.de\/index.php?rest_route=\/wp\/v2\/pages\/7552\/revisions"}],"predecessor-version":[{"id":7578,"href":"https:\/\/www.heimatverein-altmuegeln.de\/index.php?rest_route=\/wp\/v2\/pages\/7552\/revisions\/7578"}],"wp:attachment":[{"href":"https:\/\/www.heimatverein-altmuegeln.de\/index.php?rest_route=%2Fwp%2Fv2%2Fmedia&parent=7552"}],"curies":[{"name":"wp","href":"https:\/\/api.w.org\/{rel}","templated":true}]}}