{"id":7818,"date":"2020-12-29T18:59:58","date_gmt":"2020-12-29T18:59:58","guid":{"rendered":"https:\/\/www.heimatverein-altmuegeln.de\/?page_id=7818"},"modified":"2020-12-30T11:16:06","modified_gmt":"2020-12-30T11:16:06","slug":"2020-schaufenster","status":"publish","type":"page","link":"https:\/\/www.heimatverein-altmuegeln.de\/?page_id=7818","title":{"rendered":"2020 Schaufenster"},"content":{"rendered":"<h3 style=\"text-align: center;\">M\u00e4rchen<a href=\"https:\/\/www.heimatverein-altmuegeln.de\/wp-content\/uploads\/2020\/12\/1-...-Winter-mit-Frau-Holle.jpg\"><br \/>\n<\/a><\/h3>\n<p style=\"text-align: center;\">Frau Holle<a href=\"https:\/\/www.heimatverein-altmuegeln.de\/wp-content\/uploads\/2020\/12\/1-...-Winter-mit-Frau-Holle.jpg\"><br \/>\n<img loading=\"lazy\" decoding=\"async\" class=\"aligncenter size-thumbnail wp-image-7819\" src=\"https:\/\/www.heimatverein-altmuegeln.de\/wp-content\/uploads\/2020\/12\/1-...-Winter-mit-Frau-Holle-420x228.jpg\" alt=\"\" width=\"420\" height=\"228\" srcset=\"https:\/\/www.heimatverein-altmuegeln.de\/wp-content\/uploads\/2020\/12\/1-...-Winter-mit-Frau-Holle-420x228.jpg 420w, https:\/\/www.heimatverein-altmuegeln.de\/wp-content\/uploads\/2020\/12\/1-...-Winter-mit-Frau-Holle.jpg 600w\" sizes=\"auto, (max-width: 420px) 100vw, 420px\" \/><\/a><\/p>\n<p style=\"text-align: center;\">Der Froschk\u00f6nig<a href=\"https:\/\/www.heimatverein-altmuegeln.de\/wp-content\/uploads\/2020\/12\/2-...-Froschkoenig.jpg\"><br \/>\n<img loading=\"lazy\" decoding=\"async\" class=\"aligncenter size-thumbnail wp-image-7820\" src=\"https:\/\/www.heimatverein-altmuegeln.de\/wp-content\/uploads\/2020\/12\/2-...-Froschkoenig-420x237.jpg\" alt=\"\" width=\"420\" height=\"237\" srcset=\"https:\/\/www.heimatverein-altmuegeln.de\/wp-content\/uploads\/2020\/12\/2-...-Froschkoenig-420x237.jpg 420w, https:\/\/www.heimatverein-altmuegeln.de\/wp-content\/uploads\/2020\/12\/2-...-Froschkoenig.jpg 600w\" sizes=\"auto, (max-width: 420px) 100vw, 420px\" \/><\/a>Dornr\u00f6schen<a href=\"https:\/\/www.heimatverein-altmuegeln.de\/wp-content\/uploads\/2020\/12\/3-...-Dornroeschen.jpg\"><img loading=\"lazy\" decoding=\"async\" class=\"aligncenter size-thumbnail wp-image-7821\" src=\"https:\/\/www.heimatverein-altmuegeln.de\/wp-content\/uploads\/2020\/12\/3-...-Dornroeschen-420x223.jpg\" alt=\"\" width=\"420\" height=\"223\" srcset=\"https:\/\/www.heimatverein-altmuegeln.de\/wp-content\/uploads\/2020\/12\/3-...-Dornroeschen-420x223.jpg 420w, https:\/\/www.heimatverein-altmuegeln.de\/wp-content\/uploads\/2020\/12\/3-...-Dornroeschen.jpg 600w\" sizes=\"auto, (max-width: 420px) 100vw, 420px\" \/><\/a> Schneewei\u00dfchen &amp; Rosenrot<a href=\"https:\/\/www.heimatverein-altmuegeln.de\/wp-content\/uploads\/2020\/12\/4-...-Schneeweisschen-und-Rosenrot.jpg\"><img loading=\"lazy\" decoding=\"async\" class=\"aligncenter size-thumbnail wp-image-7822\" src=\"https:\/\/www.heimatverein-altmuegeln.de\/wp-content\/uploads\/2020\/12\/4-...-Schneeweisschen-und-Rosenrot-420x239.jpg\" alt=\"\" width=\"420\" height=\"239\" srcset=\"https:\/\/www.heimatverein-altmuegeln.de\/wp-content\/uploads\/2020\/12\/4-...-Schneeweisschen-und-Rosenrot-420x239.jpg 420w, https:\/\/www.heimatverein-altmuegeln.de\/wp-content\/uploads\/2020\/12\/4-...-Schneeweisschen-und-Rosenrot.jpg 600w\" sizes=\"auto, (max-width: 420px) 100vw, 420px\" \/><\/a>Rumpelstilzchen<a href=\"https:\/\/www.heimatverein-altmuegeln.de\/wp-content\/uploads\/2020\/12\/5-...-Rumpelstilzchen.jpg\"><br \/>\n<img loading=\"lazy\" decoding=\"async\" class=\"aligncenter size-thumbnail wp-image-7823\" src=\"https:\/\/www.heimatverein-altmuegeln.de\/wp-content\/uploads\/2020\/12\/5-...-Rumpelstilzchen-420x213.jpg\" alt=\"\" width=\"420\" height=\"213\" srcset=\"https:\/\/www.heimatverein-altmuegeln.de\/wp-content\/uploads\/2020\/12\/5-...-Rumpelstilzchen-420x213.jpg 420w, https:\/\/www.heimatverein-altmuegeln.de\/wp-content\/uploads\/2020\/12\/5-...-Rumpelstilzchen.jpg 600w\" sizes=\"auto, (max-width: 420px) 100vw, 420px\" \/><\/a>H\u00e4nsel &amp; Gretel<a href=\"https:\/\/www.heimatverein-altmuegeln.de\/wp-content\/uploads\/2020\/12\/6-...-HaenselundGretel.jpg\"><br \/>\n<img loading=\"lazy\" decoding=\"async\" class=\"aligncenter size-thumbnail wp-image-7824\" src=\"https:\/\/www.heimatverein-altmuegeln.de\/wp-content\/uploads\/2020\/12\/6-...-HaenselundGretel-420x231.jpg\" alt=\"\" width=\"420\" height=\"231\" srcset=\"https:\/\/www.heimatverein-altmuegeln.de\/wp-content\/uploads\/2020\/12\/6-...-HaenselundGretel-420x231.jpg 420w, https:\/\/www.heimatverein-altmuegeln.de\/wp-content\/uploads\/2020\/12\/6-...-HaenselundGretel.jpg 600w\" sizes=\"auto, (max-width: 420px) 100vw, 420px\" \/><\/a><\/p>\n<hr \/>\n<p style=\"text-align: center;\"><span style=\"color: #333333;\">Fotos: ALX<\/span><\/p>\n<p>&nbsp;<\/p>\n","protected":false},"excerpt":{"rendered":"<p>M\u00e4rchen Frau Holle Der Froschk\u00f6nig Dornr\u00f6schen Schneewei\u00dfchen &amp; RosenrotRumpelstilzchen H\u00e4nsel &amp; Gretel Fotos: ALX &nbsp;<\/p>\n","protected":false},"author":3,"featured_media":0,"parent":0,"menu_order":0,"comment_status":"closed","ping_status":"closed","template":"","meta":{"footnotes":""},"class_list":["post-7818","page","type-page","status-publish","hentry"],"_links":{"self":[{"href":"https:\/\/www.heimatverein-altmuegeln.de\/index.php?rest_route=\/wp\/v2\/pages\/7818","targetHints":{"allow":["GET"]}}],"collection":[{"href":"https:\/\/www.heimatverein-altmuegeln.de\/index.php?rest_route=\/wp\/v2\/pages"}],"about":[{"href":"https:\/\/www.heimatverein-altmuegeln.de\/index.php?rest_route=\/wp\/v2\/types\/page"}],"author":[{"embeddable":true,"href":"https:\/\/www.heimatverein-altmuegeln.de\/index.php?rest_route=\/wp\/v2\/users\/3"}],"replies":[{"embeddable":true,"href":"https:\/\/www.heimatverein-altmuegeln.de\/index.php?rest_route=%2Fwp%2Fv2%2Fcomments&post=7818"}],"version-history":[{"count":5,"href":"https:\/\/www.heimatverein-altmuegeln.de\/index.php?rest_route=\/wp\/v2\/pages\/7818\/revisions"}],"predecessor-version":[{"id":7835,"href":"https:\/\/www.heimatverein-altmuegeln.de\/index.php?rest_route=\/wp\/v2\/pages\/7818\/revisions\/7835"}],"wp:attachment":[{"href":"https:\/\/www.heimatverein-altmuegeln.de\/index.php?rest_route=%2Fwp%2Fv2%2Fmedia&parent=7818"}],"curies":[{"name":"wp","href":"https:\/\/api.w.org\/{rel}","templated":true}]}}